{"id":704,"date":"2020-09-28T09:33:17","date_gmt":"2020-09-28T02:33:17","guid":{"rendered":"http:\/\/demoweb.superhost.vn\/7080\/?post_type=product&#038;p=704"},"modified":"2020-09-28T09:35:45","modified_gmt":"2020-09-28T02:35:45","slug":"laptop-gaming-acer-aspire-7-a715-41g-r8kq","status":"publish","type":"product","link":"http:\/\/demoweb.superhost.vn\/7080\/san-pham\/laptop-gaming-acer-aspire-7-a715-41g-r8kq\/","title":{"rendered":"Laptop Gaming Acer Aspire 7 A715 41G R8KQ"},"content":{"rendered":"<table id=\"tblGeneralAttribute\" class=\"table table-bordered\" style=\"box-sizing: border-box; border-collapse: collapse; border-spacing: 0px; width: 100%; min-width: 500px; max-width: 100%; margin-bottom: 20px; border: 1px solid #eeeeee; color: #333333; font-family: Roboto, sans-serif; font-size: 13px; line-height: 20px; background-color: #ffffff;\">\n<tbody style=\"box-sizing: border-box;\">\n<tr class=\"row-info\" style=\"box-sizing: border-box;\">\n<td style=\"box-sizing: border-box; padding: 8px; vertical-align: top; border: 1px solid #eeeeee; width: 18.5209%; background-color: #f7f7f7 !important;\"><span style=\"color: #000000;\">\u00ean s\u1ea3n ph\u1ea9m\u00a0<\/span><\/td>\n<td style=\"box-sizing: border-box; padding: 8px; vertical-align: top; border: 1px solid #eeeeee; width: 78.4791%;\"><span style=\"color: #000000;\"><a href=\"https:\/\/gearvn.com\/collections\/laptop-acer-aspire-7\">Acer Aspire 7<\/a>\u00a0A715 41G R8KQ<\/span><\/td>\n<\/tr>\n<tr class=\"row-info\" style=\"box-sizing: border-box;\">\n<td style=\"box-sizing: border-box; padding: 8px; vertical-align: top; border: 1px solid #eeeeee; width: 18.5209%; background-color: #f7f7f7 !important;\"><span style=\"color: #000000;\">CPU<\/span><\/td>\n<td style=\"box-sizing: border-box; padding: 8px; vertical-align: top; border: 1px solid #eeeeee; width: 78.4791%;\"><span style=\"color: #000000;\">AMD Ryzen 5 3550H\u00a02.1GHz up to 3.7GHz 4MB<\/span><\/td>\n<\/tr>\n<tr class=\"row-info\" style=\"box-sizing: border-box;\">\n<td style=\"box-sizing: border-box; padding: 8px; vertical-align: top; border: 1px solid #eeeeee; width: 18.5209%; background-color: #f7f7f7 !important;\"><span style=\"color: #000000;\">RAM<\/span><\/td>\n<td style=\"box-sizing: border-box; padding: 8px; vertical-align: top; border: 1px solid #eeeeee; width: 78.4791%;\"><span style=\"color: #000000;\">8GB DDR4 2400MHz\u00a0(2x SO-DIMM socket, up to 32GB SDRAM)<\/span><\/td>\n<\/tr>\n<tr class=\"row-info\" style=\"box-sizing: border-box;\">\n<td style=\"box-sizing: border-box; padding: 8px; vertical-align: top; border: 1px solid #eeeeee; width: 18.5209%; background-color: #f7f7f7 !important;\"><span style=\"color: #000000;\">\u1ed4 c\u1ee9ng<\/span><\/td>\n<td style=\"box-sizing: border-box; padding: 8px; vertical-align: top; border: 1px solid #eeeeee; width: 78.4791%;\"><span style=\"color: #000000;\">256GB PCIe\u00ae NVMe\u2122 M.2 SSD<\/span><\/td>\n<\/tr>\n<tr class=\"row-info\" style=\"box-sizing: border-box;\">\n<td style=\"box-sizing: border-box; padding: 8px; vertical-align: top; border: 1px solid #eeeeee; width: 18.5209%; background-color: #f7f7f7 !important;\"><span style=\"color: #000000;\">Card \u0111\u1ed3 h\u1ecda<\/span><\/td>\n<td style=\"box-sizing: border-box; padding: 8px; vertical-align: top; border: 1px solid #eeeeee; width: 78.4791%;\"><span style=\"color: #000000;\">NVIDIA GeForce GTX 1650 4GB GDDR6\u00a0<\/span><\/td>\n<\/tr>\n<tr class=\"row-info\" style=\"box-sizing: border-box;\">\n<td style=\"box-sizing: border-box; padding: 8px; vertical-align: top; border: 1px solid #eeeeee; width: 18.5209%; background-color: #f7f7f7 !important;\"><span style=\"color: #000000;\">M\u00e0n h\u00ecnh<\/span><\/td>\n<td style=\"box-sizing: border-box; padding: 8px; vertical-align: top; border: 1px solid #eeeeee; width: 78.4791%;\"><span style=\"color: #000000;\">15.6&#8243; FHD (1920 x 1080) IPS, Anti-Glare<\/span><\/td>\n<\/tr>\n<tr class=\"row-info\" style=\"box-sizing: border-box;\">\n<td style=\"box-sizing: border-box; padding: 8px; vertical-align: top; border: 1px solid #eeeeee; width: 18.5209%; background-color: #f7f7f7 !important;\"><span style=\"color: #000000;\">C\u1ed5ng giao ti\u1ebfp<\/span><\/td>\n<td style=\"box-sizing: border-box; padding: 8px; vertical-align: top; border: 1px solid #eeeeee; width: 78.4791%;\"><span style=\"color: #000000;\">2x USB 3.2<\/span><br \/>\n<span style=\"color: #000000;\">1x USB Type C<\/span><br \/>\n<span style=\"color: #000000;\">1x USB 2.0<\/span><br \/>\n<span style=\"color: #000000;\">1x HDMI<\/span><br \/>\n<span style=\"color: #000000;\"><span style=\"color: #000000;\">1x RJ45<\/span><\/span><\/td>\n<\/tr>\n<tr class=\"row-info\" style=\"box-sizing: border-box;\">\n<td style=\"box-sizing: border-box; padding: 8px; vertical-align: top; border: 1px solid #eeeeee; width: 18.5209%; background-color: #f7f7f7 !important;\"><span style=\"color: #000000;\">\u1ed4 quang<\/span><\/td>\n<td style=\"box-sizing: border-box; padding: 8px; vertical-align: top; border: 1px solid #eeeeee; width: 78.4791%;\"><span style=\"color: #000000;\">None<\/span><\/td>\n<\/tr>\n<tr class=\"row-info\" style=\"box-sizing: border-box;\">\n<td style=\"box-sizing: border-box; padding: 8px; vertical-align: top; border: 1px solid #eeeeee; width: 18.5209%; background-color: #f7f7f7 !important;\"><span style=\"color: #000000;\">Audio<\/span><\/td>\n<td style=\"box-sizing: border-box; padding: 8px; vertical-align: top; border: 1px solid #eeeeee; width: 78.4791%;\"><span style=\"color: #000000;\">True Harmony; Dolby\u00ae Audio Premium<\/span><\/td>\n<\/tr>\n<tr class=\"row-info\" style=\"box-sizing: border-box;\">\n<td style=\"box-sizing: border-box; padding: 8px; vertical-align: top; border: 1px solid #eeeeee; width: 18.5209%; background-color: #f7f7f7 !important;\"><span style=\"color: #000000;\">\u0110\u1ecdc th\u1ebb nh\u1edb<\/span><\/td>\n<td style=\"box-sizing: border-box; padding: 8px; vertical-align: top; border: 1px solid #eeeeee; width: 78.4791%;\"><span style=\"color: #000000;\">None<\/span><\/td>\n<\/tr>\n<tr class=\"row-info\" style=\"box-sizing: border-box;\">\n<td style=\"box-sizing: border-box; padding: 8px; vertical-align: top; border: 1px solid #eeeeee; width: 18.5209%; background-color: #f7f7f7 !important;\"><span style=\"color: #000000;\">Chu\u1ea9n LAN<\/span><\/td>\n<td style=\"box-sizing: border-box; padding: 8px; vertical-align: top; border: 1px solid #eeeeee; width: 78.4791%;\"><span style=\"color: #000000;\">10\/100\/1000\/Gigabits Base T<\/span><\/td>\n<\/tr>\n<tr class=\"row-info\" style=\"box-sizing: border-box;\">\n<td style=\"box-sizing: border-box; padding: 8px; vertical-align: top; border: 1px solid #eeeeee; width: 18.5209%; background-color: #f7f7f7 !important;\"><span style=\"color: #000000;\">Chu\u1ea9n WIFI<\/span><\/td>\n<td style=\"box-sizing: border-box; padding: 8px; vertical-align: top; border: 1px solid #eeeeee; width: 78.4791%;\"><span style=\"color: #000000;\">Wi-Fi 6(Gig+)(802.11ax) (2&#215;2)<\/span><\/td>\n<\/tr>\n<tr class=\"row-info\" style=\"box-sizing: border-box;\">\n<td style=\"box-sizing: border-box; padding: 8px; vertical-align: top; border: 1px solid #eeeeee; width: 18.5209%; background-color: #f7f7f7 !important;\"><span style=\"color: #000000;\">Bluetooth<\/span><\/td>\n<td style=\"box-sizing: border-box; padding: 8px; vertical-align: top; border: 1px solid #eeeeee; width: 78.4791%;\"><span style=\"color: #000000;\">v4.1<\/span><\/td>\n<\/tr>\n<tr class=\"row-info\" style=\"box-sizing: border-box;\">\n<td style=\"box-sizing: border-box; padding: 8px; vertical-align: top; border: 1px solid #eeeeee; width: 18.5209%; background-color: #f7f7f7 !important;\"><span style=\"color: #000000;\">Webcam<\/span><\/td>\n<td style=\"box-sizing: border-box; padding: 8px; vertical-align: top; border: 1px solid #eeeeee; width: 78.4791%;\"><span style=\"color: #000000;\">HD Webcam<\/span><\/td>\n<\/tr>\n<tr class=\"row-info\" style=\"box-sizing: border-box;\">\n<td style=\"box-sizing: border-box; padding: 8px; vertical-align: top; border: 1px solid #eeeeee; width: 18.5209%; background-color: #f7f7f7 !important;\"><span style=\"color: #000000;\">H\u1ec7 \u0111i\u1ec1u h\u00e0nh<\/span><\/td>\n<td style=\"box-sizing: border-box; padding: 8px; vertical-align: top; border: 1px solid #eeeeee; width: 78.4791%;\"><span style=\"color: #000000;\">Windows 10 Home<\/span><\/td>\n<\/tr>\n<tr class=\"row-info\" style=\"box-sizing: border-box;\">\n<td style=\"box-sizing: border-box; padding: 8px; vertical-align: top; border: 1px solid #eeeeee; width: 18.5209%; background-color: #f7f7f7 !important;\"><span style=\"color: #000000;\">Pin<\/span><\/td>\n<td style=\"box-sizing: border-box; padding: 8px; vertical-align: top; border: 1px solid #eeeeee; width: 78.4791%;\"><span style=\"color: #000000;\">4 Cell 48Whr<\/span><\/td>\n<\/tr>\n<tr class=\"row-info\" style=\"box-sizing: border-box;\">\n<td style=\"box-sizing: border-box; padding: 8px; vertical-align: top; border: 1px solid #eeeeee; width: 18.5209%; background-color: #f7f7f7 !important;\"><span style=\"color: #000000;\">Tr\u1ecdng l\u01b0\u1ee3ng<\/span><\/td>\n<td style=\"box-sizing: border-box; padding: 8px; vertical-align: top; border: 1px solid #eeeeee; width: 78.4791%;\"><span style=\"color: #000000;\">2.1 kg<\/span><\/td>\n<\/tr>\n<tr class=\"row-info\" style=\"box-sizing: border-box;\">\n<td style=\"box-sizing: border-box; padding: 8px; vertical-align: top; border: 1px solid #eeeeee; width: 18.5209%; background-color: #f7f7f7 !important;\"><span style=\"color: #000000;\">M\u00e0u s\u1eafc<\/span><\/td>\n<td style=\"box-sizing: border-box; padding: 8px; vertical-align: top; border: 1px solid #eeeeee; width: 78.4791%;\"><span style=\"color: #000000;\">\u0110en, C\u00f3 \u0111\u00e8n b\u00e0n ph\u00edm tr\u1eafng<\/span><\/td>\n<\/tr>\n<tr class=\"row-info\" style=\"box-sizing: border-box;\">\n<td style=\"box-sizing: border-box; padding: 8px; vertical-align: top; border: 1px solid #eeeeee; width: 18.5209%; background-color: #f7f7f7 !important;\"><span style=\"color: #000000;\">K\u00edch th\u01b0\u1edbc<\/span><\/td>\n<td style=\"box-sizing: border-box; padding: 8px; vertical-align: top; border: 1px solid #eeeeee; width: 78.4791%;\"><span style=\"color: #000000;\" data-sheets-value=\"{&quot;1&quot;:2,&quot;2&quot;:&quot;363.4 (W) x 254.5 (D) x 23.25 (H) mm &quot;}\" data-sheets-userformat=\"{&quot;2&quot;:4541,&quot;3&quot;:{&quot;1&quot;:0},&quot;5&quot;:{&quot;1&quot;:[{&quot;1&quot;:2,&quot;2&quot;:0,&quot;5&quot;:{&quot;1&quot;:2,&quot;2&quot;:0}},{&quot;1&quot;:0,&quot;2&quot;:0,&quot;3&quot;:3},{&quot;1&quot;:1,&quot;2&quot;:0,&quot;4&quot;:1}]},&quot;6&quot;:{&quot;1&quot;:[{&quot;1&quot;:2,&quot;2&quot;:0,&quot;5&quot;:{&quot;1&quot;:2,&quot;2&quot;:0}},{&quot;1&quot;:0,&quot;2&quot;:0,&quot;3&quot;:3},{&quot;1&quot;:1,&quot;2&quot;:0,&quot;4&quot;:1}]},&quot;7&quot;:{&quot;1&quot;:[{&quot;1&quot;:2,&quot;2&quot;:0,&quot;5&quot;:{&quot;1&quot;:2,&quot;2&quot;:0}},{&quot;1&quot;:0,&quot;2&quot;:0,&quot;3&quot;:3},{&quot;1&quot;:1,&quot;2&quot;:0,&quot;4&quot;:1}]},&quot;8&quot;:{&quot;1&quot;:[{&quot;1&quot;:2,&quot;2&quot;:0,&quot;5&quot;:{&quot;1&quot;:2,&quot;2&quot;:0}},{&quot;1&quot;:0,&quot;2&quot;:0,&quot;3&quot;:3},{&quot;1&quot;:1,&quot;2&quot;:0,&quot;4&quot;:1}]},&quot;10&quot;:2,&quot;11&quot;:4,&quot;15&quot;:&quot;Arial&quot;}\">363.4 x 254.5 x 23.25 (mm)<\/span><\/td>\n<\/tr>\n<\/tbody>\n<\/table>\n","protected":false},"excerpt":{"rendered":"<ul>\n<li><span style=\"font-size: 100%;\">Nh\u00e0 s\u1ea3n xu\u1ea5t\u00a0: ACER<\/span><\/li>\n<li><span style=\"font-size: 100%;\">Xu\u1ea5t x\u1ee9\u00a0: Ch\u00ednh h\u00e3ng<\/span><\/li>\n<li><span style=\"font-size: 100%;\">B\u1ea3o h\u00e0nh\u00a0:\u00a012 Th\u00e1ng<\/span><\/li>\n<li><span style=\"font-size: 100%;\">T\u00ecnh tr\u1ea1ng\u00a0: M\u1edbi 100%<\/span><\/li>\n<\/ul>\n","protected":false},"featured_media":707,"comment_status":"open","ping_status":"closed","template":"","meta":[],"yst_prominent_words":[],"_links":{"self":[{"href":"http:\/\/demoweb.superhost.vn\/7080\/wp-json\/wp\/v2\/product\/704"}],"collection":[{"href":"http:\/\/demoweb.superhost.vn\/7080\/wp-json\/wp\/v2\/product"}],"about":[{"href":"http:\/\/demoweb.superhost.vn\/7080\/wp-json\/wp\/v2\/types\/product"}],"replies":[{"embeddable":true,"href":"http:\/\/demoweb.superhost.vn\/7080\/wp-json\/wp\/v2\/comments?post=704"}],"wp:featuredmedia":[{"embeddable":true,"href":"http:\/\/demoweb.superhost.vn\/7080\/wp-json\/wp\/v2\/media\/707"}],"wp:attachment":[{"href":"http:\/\/demoweb.superhost.vn\/7080\/wp-json\/wp\/v2\/media?parent=704"}],"wp:term":[{"taxonomy":"yst_prominent_words","embeddable":true,"href":"http:\/\/demoweb.superhost.vn\/7080\/wp-json\/wp\/v2\/yst_prominent_words?post=704"}],"curies":[{"name":"wp","href":"https:\/\/api.w.org\/{rel}","templated":true}]}}