{"id":694,"date":"2020-09-28T09:22:27","date_gmt":"2020-09-28T02:22:27","guid":{"rendered":"http:\/\/demoweb.superhost.vn\/7080\/?post_type=product&#038;p=694"},"modified":"2020-09-28T09:22:28","modified_gmt":"2020-09-28T02:22:28","slug":"may-in-hp-laserjet-printer-m1132mfp-cu","status":"publish","type":"product","link":"http:\/\/demoweb.superhost.vn\/7080\/san-pham\/may-in-hp-laserjet-printer-m1132mfp-cu\/","title":{"rendered":"M\u00e1y in HP LaserJet Printer M1132MFP c\u0169"},"content":{"rendered":"<p><strong>CH\u1ea4T L\u01af\u1ee2NG V\u00c0 H\u00ccNH TH\u1ee8C M\u00c1Y C\u00d2N R\u1ea4T \u0110\u1eb8P.<\/strong><\/p>\n<p><strong>CAM K\u1ebeT B\u1ea2O H\u00c0NH B\u1eb0NG GI\u1ea4Y T\u1edc C\u00d3 D\u1ea4U C\u00d4NG TY<\/strong><\/p>\n<p>M\u1ef0C V\u00c0 L\u1ee4A S\u1ea4Y IN HAO M\u00d2N N\u00caN B\u1ea2O H\u00c0NH 3 TH\u00c1NG<\/p>\n<p><strong>M\u00f4 t\u1ea3 m\u00e1y in \u0111a ch\u1ee9c n\u0103ng HP LaserJet M1132 MFP:<\/strong><\/p>\n<table border=\"0\" width=\"100%\" cellspacing=\"0\" cellpadding=\"0\">\n<tbody>\n<tr>\n<td>H\u00e3ng s\u1ea3n xu\u1ea5t<\/td>\n<td>HP<\/td>\n<\/tr>\n<tr>\n<td>Lo\u1ea1i m\u00e1y in<\/td>\n<td>Laser \u0111en tr\u1eafng<\/td>\n<\/tr>\n<tr>\n<td>Ch\u1ee9c n\u0103ng<\/td>\n<td>In &#8211; Scan &#8211; Photo m\u1eb7t g\u01b0\u01a1ng<\/td>\n<\/tr>\n<tr>\n<td>T\u1ed1c \u0111\u1ed9 in<\/td>\n<td>18 trang\/ph\u00fat<\/td>\n<\/tr>\n<tr>\n<td>\u0110\u1ed9 ph\u00e2n gi\u1ea3i<\/td>\n<td>1200&#215;1200 dpi<\/td>\n<\/tr>\n<tr>\n<td>B\u1ed9 nh\u1edb<\/td>\n<td>8MB<\/td>\n<\/tr>\n<tr>\n<td>Kh\u1ed5 gi\u1ea5y<\/td>\n<td>A4<\/td>\n<\/tr>\n<tr>\n<td>M\u1ef1c in<\/td>\n<td>85A<\/td>\n<\/tr>\n<tr>\n<td>T\u00ednh n\u0103ng chung<\/td>\n<td>Giao ti\u1ebfp USB 2.0.<br \/>\nDuty cycle (monthly, A4) Up to 8000 pages.<br \/>\nPaper handling input, standard: 150-sheet input tray.<br \/>\nScan: Flatbed.<br \/>\nQu\u00e9t m\u00e0u kh\u1ed5 A4; bit m\u00e0u.<br \/>\nScan to E-mail; scan to application; scan to file.<br \/>\nCopy: Copy speed (black, normal quality, A4): Up to 18 cpm. 600 x 400 dpi.<br \/>\nCopy reduce \/ enlarge settings: 30 to 400%. Copies, maximum: Up to 99 copies.<\/td>\n<\/tr>\n<\/tbody>\n<\/table>\n<p><span style=\"color: #ff0000;\"><strong>Download driver m\u00e1y in HP M1132 t\u1ea1i link b\u00ean d\u01b0\u1edbi:<\/strong><\/span><\/p>\n<p><strong>Link 1:<\/strong>\u00a0<a title=\"HP M1132\" href=\"http:\/\/data.mayincugiare.com\/hp\/HP-M1132.rar\">http:\/\/data.mayincugiare.com\/hp\/HP-M1132.rar<\/a><\/p>\n<p><strong>Ho\u1eb7c link b\u00ean d\u01b0\u1edbi:<\/strong><\/p>\n<p><a title=\"M\u00e1y in \u0111a n\u0103ng HP M1132\" href=\"http:\/\/h10025.www1.hp.com\/ewfrf\/wc\/softwareCategory?product=3965851&amp;lc=en&amp;cc=us&amp;dlc=en&amp;lang=en&amp;cc=us\" target=\"_BLANK\" rel=\"nofollow noopener noreferrer\">http:\/\/h10025.www1.hp.com\/ewfrf\/wc\/softwareCategory?product=3965851&amp;lc=en&amp;cc=us&amp;dlc=en&amp;lang=en&amp;cc=us<\/a><\/p>\n<p><em><strong>B\u1ea1n ki\u1ec3m tra version win v\u00e0 ch\u1ecdn driver t\u01b0\u01a1ng \u1ee9ng v\u1edbi win tr\u00ean m\u00e1y t\u00ednh c\u1ee7a ban.<\/strong><\/em><\/p>\n<p>N\u1ebfu b\u1ea1n g\u1eb7p kh\u00f3 kh\u0103n trong c\u00e0i \u0111\u1eb7t Driver m\u00e1y in, h\u00e3y c\u00e0i ph\u1ea7n m\u1ec1m\u00a0<strong>UltraViewer<\/strong>\u00a0v\u00e0 li\u00ean h\u1ec7 v\u1edbi ch\u00fang t\u00f4i, nh\u00e2n vi\u00ean\u00a0<strong>mayincugiare.com<\/strong>\u00a0s\u1ebd c\u00e0i \u0111\u1eb7t gi\u00fap b\u1ea1n t\u1eeb xa.<\/p>\n<p><strong>Link download:\u00a0<\/strong><a title=\"Ultra Viewer\" href=\"https:\/\/mayincugiare.com\/UltraViewer.exe\">http:\/\/mayincugiare.com\/UltraViewer.exe<\/a><\/p>\n","protected":false},"excerpt":{"rendered":"<ul>\n<li><strong>Th\u01b0\u01a1ng hi\u1ec7u:\u00a0<\/strong>M\u00e1y in HP c\u0169<\/li>\n<li><strong>B\u1ea3o h\u00e0nh:\u00a0<\/strong>6 th\u00e1ng<\/li>\n<li><strong>Khuy\u1ebfn m\u00e3i:\u00a0<\/strong>D\u00e2y ngu\u1ed3n + C\u00e1p k\u1ebft n\u1ed1i USB + M\u1ef1c \u0111\u1ed5 \u0111\u1ea7y<\/li>\n<li><strong>T\u00ecnh tr\u1ea1ng:\u00a0<\/strong>C\u00f2n h\u00e0ng<\/li>\n<\/ul>\n","protected":false},"featured_media":695,"comment_status":"open","ping_status":"closed","template":"","meta":[],"yst_prominent_words":[],"_links":{"self":[{"href":"http:\/\/demoweb.superhost.vn\/7080\/wp-json\/wp\/v2\/product\/694"}],"collection":[{"href":"http:\/\/demoweb.superhost.vn\/7080\/wp-json\/wp\/v2\/product"}],"about":[{"href":"http:\/\/demoweb.superhost.vn\/7080\/wp-json\/wp\/v2\/types\/product"}],"replies":[{"embeddable":true,"href":"http:\/\/demoweb.superhost.vn\/7080\/wp-json\/wp\/v2\/comments?post=694"}],"wp:featuredmedia":[{"embeddable":true,"href":"http:\/\/demoweb.superhost.vn\/7080\/wp-json\/wp\/v2\/media\/695"}],"wp:attachment":[{"href":"http:\/\/demoweb.superhost.vn\/7080\/wp-json\/wp\/v2\/media?parent=694"}],"wp:term":[{"taxonomy":"yst_prominent_words","embeddable":true,"href":"http:\/\/demoweb.superhost.vn\/7080\/wp-json\/wp\/v2\/yst_prominent_words?post=694"}],"curies":[{"name":"wp","href":"https:\/\/api.w.org\/{rel}","templated":true}]}}