{"id":114,"date":"2020-09-25T21:58:22","date_gmt":"2020-09-25T14:58:22","guid":{"rendered":"http:\/\/demoweb.superhost.vn\/7080\/?post_type=product&#038;p=114"},"modified":"2020-09-28T09:36:49","modified_gmt":"2020-09-28T02:36:49","slug":"laptop-acer-gaming-nitro-5-an515-55-70ax-nh-q7nsv-001","status":"publish","type":"product","link":"http:\/\/demoweb.superhost.vn\/7080\/san-pham\/laptop-acer-gaming-nitro-5-an515-55-70ax-nh-q7nsv-001\/","title":{"rendered":"Laptop Acer Gaming Nitro 5 AN515-55-70AX NH.Q7NSV.001"},"content":{"rendered":"<p>Gi\u1edbi thi\u1ec7u Laptop HP Spectre x360 Convertible 13-aw0181TU 8YQ35PA<\/p>\n<p>H\u00ecnh \u1ea3nh c\u00f3 li\u00ean quan<\/p>\n<p>Thi\u1ebft k\u1ebf<\/p>\n<p>Laptop s\u1edf h\u1eefu thi\u1ebft k\u1ebf m\u1ea3nh mai h\u01a1n v\u1edbi m\u00e0n g\u1ea7n nh\u01b0 kh\u00f4ng vi\u1ec1n. \u0110\u01b0\u1ee3c thi\u1ebft k\u1ebf v\u1edbi \u0111\u1ed9 ch\u00ednh x\u00e1c cao c\u00f9ng k\u1ef9 thu\u1eadt gia c\u00f4ng tinh x\u1ea3o. HP Spectre x360 c\u00f3 thi\u1ebft k\u1ebf si\u00eau m\u1ecfng nh\u1eb9, v\u1edbi ch\u1ec9 s\u1ed1 \u1ea5n t\u01b0\u1ee3ng m\u1ecfng ch\u1ec9 13,9mm v\u00e0 tr\u1ecdng l\u01b0\u1ee3ng ch\u1ec9 t\u1eeb 1,32kg.<\/p>\n<p>Khung c\u1ee7a chi\u1ebfc Laptop HP n\u00e0y \u0111\u01b0\u1ee3c ch\u1ebf t\u1ea1o t\u1eeb nh\u00f4m nguy\u00ean kh\u1ed1i c\u00f9ng k\u1ef9 thu\u1eadt ho\u00e0n thi\u1ec7n cao c\u1ea5p cho b\u1ec1 m\u1eb7t nh\u1eb5n m\u1ecbn t\u1ef1 nhi\u00ean v\u00e0 kh\u1edbp b\u1ea3n l\u1ec1 m\u1ea1 cr\u00f4m tinh t\u1ebf.<\/p>\n<p>B\u1ea3n l\u1ec1 \u0111\u1ed9c \u0111\u00e1o<\/p>\n<p>B\u1ea3n l\u1ec1 truy\u1ec1n \u0111\u1ed9ng b\u00e1nh r\u0103ng t\u1ea1o s\u1ef1 m\u01b0\u1ee3t m\u00e0 cho m\u1ed7i v\u00f2ng xoay nh\u01b0ng v\u1eabn \u0111\u1ecbnh h\u00ecnh th\u1ebf v\u1eefng ch\u00e3i t\u1ea1i t\u1eebng ch\u1ebf \u0111\u1ed9 s\u1eed d\u1ee5ng. Ch\u1ea5t li\u1ec7u th\u00e9p kh\u00f4ng g\u1ec9 b\u00f3ng b\u1ea9y, \u0111\u1ed9 b\u1ec1n cao.<\/p>\n<p>Hi\u1ec7u n\u0103ng<\/p>\n<p>Chi\u1ebfc M\u00e1y t\u00ednh x\u00e1ch tay cao c\u1ea5p n\u00e0y mang \u0111\u1ebfn hi\u1ec7u n\u0103ng m\u1ea1nh m\u1ebd \u0111\u00e1p \u1ee9ng \u0111\u01b0\u1ee3c nhu c\u1ea7u trong c\u00f4ng vi\u1ec7c v\u00e0 gi\u1ea3i tr\u00ed , s\u1ee9c m\u1ea1nh \u0111\u1ebfn t\u1eeb b\u1ed9 x\u1eed l\u00fd Intel\u00ae Core\u2122 i7-1065G7 , RAM t\u1ed1i \u0111a 16GB v\u00e0 \u1ed5 l\u01b0u tr\u1eef PCIe si\u00eau t\u1ed1c cho ph\u00e9p x\u1eed l\u00fd c\u00e1c t\u00e1c v\u1ee5 \u0111a nhi\u1ec7m hi\u1ec7u qu\u1ea3, ch\u1ea1y m\u01b0\u1ee3t m\u00e0 c\u00e1c \u1ee9ng d\u1ee5ng.<\/p>\n<p>B\u00ean c\u1ea1nh \u0111\u00f3, ng\u01b0\u1eddi d\u00f9ng s\u1ebd \u0111\u01b0\u1ee3c t\u1eadn h\u01b0\u1edfng ch\u1ea5t l\u01b0\u1ee3ng \u0111\u1ed3 cao nh\u1edd card \u0111\u1ed3 h\u1ecda Intel\u00ae Iris\u00ae Plus Graphics.<\/p>\n<p>M\u00e0n h\u00ecnh<\/p>\n<p>\u0110\u01b0\u1ee3c trang b\u1ecb m\u00e0n h\u00ecnh 13.3&#8243; v\u1edbi \u0111\u1ed9 ph\u00e2n gi\u1ea3i cao UHD (3840 x 2160) mang l\u1ea1i nh\u1eefng h\u00ecnh \u1ea3nh r\u00f5 n\u00e9t t\u1eebng chi ti\u1ebft nh\u1ecf, m\u00e0u s\u1eafc trung th\u1ef1c s\u1ed1ng \u0111\u1ed9ng \u0111\u1ebfn b\u1ea5t ng\u1edd. C\u00f4ng ngh\u1ec7 t\u1ea5m n\u1ec1n li\u00ean k\u1ebft quang thu h\u1eb9p kho\u1ea3ng c\u00e1ch \u0111\u1ebfn m\u1eb7t g\u01b0\u01a1ng b\u1ea3o v\u1ec7 mang \u0111\u1ebfn ch\u00e2\u0301t l\u01b0\u01a1\u0323ng hi\u1ec3n thi\u0323 v\u01b0\u1ee3t tr\u1ed9i. \u0110\u1ed3ng th\u1eddi, c\u00f4ng ngh\u1ec7 m\u00e0n h\u00ecnh t\u1ef1 l\u00e0m t\u01b0\u01a1i PSR gi\u00fap n\u00e2ng cao ch\u1ea5t l\u01b0\u1ee3ng h\u00ecnh \u1ea3nh.<\/p>\n<p>C\u1ed5ng k\u1ebft n\u1ed1i<\/p>\n<p>\u0110\u01b0\u1ee3c trang b\u1ecb \u0111\u1ea7y \u0111\u1ee7 c\u00e1c c\u1ed5ng k\u1ebft n\u1ed1i nh\u01b0: C\u1ed5ng k\u1ebft n\u1ed1i: USB Type-C\u2122 v\u00e0 Thunderbolt\u2122; 1 USB 3. B\u00ean c\u1ea1nh m\u1ed9t c\u1ed5ng USB Type-A 3.1 Th\u1ebf h\u1ec7 1 quen thu\u1ed9c, hai c\u1ed5ng USB Type-C\u2122 \u0111a n\u0103ng h\u1ed7 tr\u1ee3 t\u00ednh n\u0103ng s\u1ea1c, truy\u1ec1n d\u1eef li\u1ec7u t\u1ed1c \u0111\u1ed9 cao, v\u00e0 k\u1ebft n\u1ed1i m\u00e0n h\u00ecnh ngo\u00e0i.<\/p>\n<p>Hi\u1ec7n An Ph\u00e1t Computer \u0111ang Laptop HP Spectre x360 Convertible 13-aw0181TU 8YQ35PA ch\u00ednh h\u00e3ng v\u1edbi gi\u00e1 ph\u1ea3i ch\u0103ng c\u00f9ng c\u00e1c ch\u01b0\u01a1ng tr\u00ecnh b\u1ea3o h\u00e0nh v\u00e0 qu\u00e0 t\u1eb7ng h\u1ea5p d\u1eabn.<\/p>\n","protected":false},"excerpt":{"rendered":"<ul>\n<li>CPU: Intel\u00ae Core\u2122 i7-1065G7 (1.30 GHz upto 3.90 GHz, 8MB)<\/li>\n<li>RAM: 16GB LPDDR4-3200 SDRAM (onboard)<\/li>\n<li>\u1ed4 c\u1ee9ng: 512 GB PCIe\u00ae NVMe\u2122 M.2 SSD<\/li>\n<li>VGA: Intel\u00ae Iris\u00ae Plus Graphics<\/li>\n<li>M\u00e0n h\u00ecnh: 13.3&#8243; diagonal 4K UWVA BrightView micro-edge AMOLED multitouch-enabled edge-to-edge glass with anti-reflection Corning\u00ae Gorilla\u00ae Glass NBT\u2122, 400 nits, 100% DCI-P3 (3840 x 2160)<\/li>\n<li>OS: Windows 10 Home Single Language 64<\/li>\n<li>Pin: 4-cell, 60 Wh Li-ion polymer<\/li>\n<li>C\u00e2n n\u0103ng : 1,27kg<\/li>\n<\/ul>\n","protected":false},"featured_media":115,"comment_status":"open","ping_status":"closed","template":"","meta":[],"yst_prominent_words":[],"_links":{"self":[{"href":"http:\/\/demoweb.superhost.vn\/7080\/wp-json\/wp\/v2\/product\/114"}],"collection":[{"href":"http:\/\/demoweb.superhost.vn\/7080\/wp-json\/wp\/v2\/product"}],"about":[{"href":"http:\/\/demoweb.superhost.vn\/7080\/wp-json\/wp\/v2\/types\/product"}],"replies":[{"embeddable":true,"href":"http:\/\/demoweb.superhost.vn\/7080\/wp-json\/wp\/v2\/comments?post=114"}],"wp:featuredmedia":[{"embeddable":true,"href":"http:\/\/demoweb.superhost.vn\/7080\/wp-json\/wp\/v2\/media\/115"}],"wp:attachment":[{"href":"http:\/\/demoweb.superhost.vn\/7080\/wp-json\/wp\/v2\/media?parent=114"}],"wp:term":[{"taxonomy":"yst_prominent_words","embeddable":true,"href":"http:\/\/demoweb.superhost.vn\/7080\/wp-json\/wp\/v2\/yst_prominent_words?post=114"}],"curies":[{"name":"wp","href":"https:\/\/api.w.org\/{rel}","templated":true}]}}